{"id":48,"date":"2012-04-26T20:00:22","date_gmt":"2012-04-26T20:00:22","guid":{"rendered":"http:\/\/haar-und-feder.de\/wordpress\/?page_id=48"},"modified":"2015-05-22T21:49:35","modified_gmt":"2015-05-22T21:49:35","slug":"mein-tier-2004","status":"publish","type":"page","link":"https:\/\/haar-und-feder.de\/?page_id=48","title":{"rendered":"Mein Tier"},"content":{"rendered":"<p>Viele Besucherinnen und Besucher kennen uns von der Messe \u201eMein Tier\u201c in der Weser Ems Halle in Oldenburg. Dort sind wir ununterbrochen seit der Vereinsgr\u00fcndung im Jahr 2002 pr\u00e4sent. In 2014 haben wir dort wieder wesentlich an der Gestaltung und der Kleintierpr\u00e4sentation rund um den Bauernhof mitgewirkt.<\/p>\n<p><a href=\"http:\/\/haar-und-feder.de\/wp-content\/uploads\/2015\/05\/DSCN0509-e1431801762343.jpg\"><img loading=\"lazy\" decoding=\"async\" class=\"alignnone wp-image-784 size-medium\" src=\"http:\/\/haar-und-feder.de\/wp-content\/uploads\/2015\/05\/DSCN0509-300x225.jpg\" alt=\"DSCN0509\" width=\"300\" height=\"225\" \/><\/a>\u00a0 \u00a0<a href=\"http:\/\/haar-und-feder.de\/wp-content\/uploads\/2015\/05\/DSCN0508-e1431801745808.jpg\"><img loading=\"lazy\" decoding=\"async\" class=\"alignnone size-medium wp-image-783\" src=\"http:\/\/haar-und-feder.de\/wp-content\/uploads\/2015\/05\/DSCN0508-300x225.jpg\" alt=\"DSCN0508\" width=\"300\" height=\"225\" \/><\/a><\/p>\n","protected":false},"excerpt":{"rendered":"<p>Viele Besucherinnen und Besucher kennen uns von der Messe \u201eMein Tier\u201c in der Weser Ems Halle in Oldenburg. Dort sind wir ununterbrochen seit der Vereinsgr\u00fcndung im Jahr 2002 pr\u00e4sent. In 2014 haben wir dort wieder wesentlich an der Gestaltung und &hellip; <a href=\"https:\/\/haar-und-feder.de\/?page_id=48\">Weiterlesen <span class=\"meta-nav\">&rarr;<\/span><\/a><\/p>\n","protected":false},"author":1,"featured_media":0,"parent":46,"menu_order":0,"comment_status":"closed","ping_status":"closed","template":"onecolumn-page.php","meta":{"footnotes":""},"_links":{"self":[{"href":"https:\/\/haar-und-feder.de\/index.php?rest_route=\/wp\/v2\/pages\/48"}],"collection":[{"href":"https:\/\/haar-und-feder.de\/index.php?rest_route=\/wp\/v2\/pages"}],"about":[{"href":"https:\/\/haar-und-feder.de\/index.php?rest_route=\/wp\/v2\/types\/page"}],"author":[{"embeddable":true,"href":"https:\/\/haar-und-feder.de\/index.php?rest_route=\/wp\/v2\/users\/1"}],"replies":[{"embeddable":true,"href":"https:\/\/haar-und-feder.de\/index.php?rest_route=%2Fwp%2Fv2%2Fcomments&post=48"}],"version-history":[{"count":5,"href":"https:\/\/haar-und-feder.de\/index.php?rest_route=\/wp\/v2\/pages\/48\/revisions"}],"predecessor-version":[{"id":862,"href":"https:\/\/haar-und-feder.de\/index.php?rest_route=\/wp\/v2\/pages\/48\/revisions\/862"}],"up":[{"embeddable":true,"href":"https:\/\/haar-und-feder.de\/index.php?rest_route=\/wp\/v2\/pages\/46"}],"wp:attachment":[{"href":"https:\/\/haar-und-feder.de\/index.php?rest_route=%2Fwp%2Fv2%2Fmedia&parent=48"}],"curies":[{"name":"wp","href":"https:\/\/api.w.org\/{rel}","templated":true}]}}